 digit of 235234?
3
What is the units digit of 214608?
8
What is the thousands digit of 18967662?
7
What is the ten millions digit of 12438150?
1
What is the hundred thousands digit of 221212?
2
What is the units digit of 201047?
7
What is the ten thousands digit of 242106?
4
What is the thousands digit of 2597076?
7
What is the hundred thousands digit of 428867?
4
What is the units digit of 422260?
0
What is the ten thousands digit of 612246?
1
What is the thousands digit of 49654?
9
What is the hundred thousands digit of 3350557?
3
What is the tens digit of 57912?
1
What is the tens digit of 9420313?
1
What is the ten thousands digit of 6246307?
4
What is the tens digit of 287063?
6
What is the hundred thousands digit of 6592730?
5
What is the hundreds digit of 93586?
5
What is the tens digit of 69025?
2
What is the ten thousands digit of 413378?
1
What is the units digit of 2371921?
1
What is the thousands digit of 1477354?
7
What is the tens digit of 6635405?
0
What is the thousands digit of 2265047?
5
What is the thousands digit of 7039573?
9
What is the hundred thousands digit of 422366?
4
What is the hundreds digit of 145499?
4
What is the thousands digit of 1758553?
8
What is the hundred thousands digit of 1429171?
4
What is the thousands digit of 6291534?
1
What is the thousands digit of 23013344?
3
What is the ten thousands digit of 177362?
7
What is the ten thousands digit of 25663688?
6
What is the ten thousands digit of 18403308?
0
What is the ten thousands digit of 651211?
5
What is the hundreds digit of 454142?
1
What is the ten thousands digit of 3427036?
2
What is the hundred thousands digit of 29455652?
4
What is the tens digit of 681034?
3
What is the millions digit of 1952646?
1
What is the units digit of 231889?
9
What is the thousands digit of 206776?
6
What is the tens digit of 1119919?
1
What is the millions digit of 5923325?
5
What is the units digit of 2178434?
4
What is the hundreds digit of 1140571?
5
What is the units digit of 5470090?
0
What is the tens digit of 133262?
6
What is the hundred thousands digit of 697954?
6
What is the ten thousands digit of 66682?
6
What is the hundred thousands digit of 10790724?
7
What is the hundred thousands digit of 6828891?
8
What is the tens digit of 255937?
3
What is the ten thousands digit of 4519227?
1
What is the ten thousands digit of 508758?
0
What is the units digit of 492066?
6
What is the hundred thousands digit of 901148?
9
What is the hundreds digit of 2306940?
9
What is the thousands digit of 1763727?
3
What is the hundreds digit of 16236?
2
What is the thousands digit of 720093?
0
What is the hundred thousands digit of 6970357?
9
What is the hundred thousands digit of 253653?
2
What is the hundreds digit of 354849?
8
What is the units digit of 11501741?
1
What is the tens digit of 954760?
6
What is the thousands digit of 147554?
7
What is the thousands digit of 27495030?
5
What is the tens digit of 302000?
0
What is the thousands digit of 623768?
3
What is the units digit of 2063888?
8
What is the thousands digit of 3080566?
0
What is the thousands digit of 70039?
0
What is the ten thousands digit of 5759074?
5
What is the ten millions digit of 16684261?
1
What is the ten thousands digit of 550442?
5
What is the ten thousands digit of 15169720?
6
What is the hundreds digit of 7812904?
9
What is the units digit of 852937?
7
What is the ten thousands digit of 1334506?
3
What is the thousands digit of 3611551?
1
What is the tens digit of 1356639?
3
What is the ten thousands digit of 1508542?
0
What is the units digit of 25305835?
5
What is the ten millions digit of 30766857?
3
What is the tens digit of 4987075?
7
What is the hundred thousands digit of 1603457?
6
What is the ten millions digit of 14231277?
1
What is the tens digit of 311950?
5
What is the ten thousands digit of 546792?
4
What is the hundreds digit of 151164?
1
What is the ten thousands digit of 134751?
3
What is the thousands digit of 444320?
4
What is the ten millions digit of 37283964?
3
What is the hundred thousands digit of 419138?
4
What is the hundreds digit of 214866?
8
What is the units digit of 3012173?
3
What is the hundred thousands digit of 106962?
1
What is the hundred thousands digit of 8376358?
3
What is the ten thousands digit of 3068518?
6
What is the hundred thousands digit of 23527871?
5
What is the ten thousands digit of 4770369?
7
What is the hundreds digit of 22697296?
2
What is the millions digit of 10096485?
0
What is the tens digit of 974893?
9
What is the tens digit of 3629320?
2
What is the units digit of 762761?
1
What is the units digit of 13781935?
5
What is the thousands digit of 27729517?
9
What is the units digit of 325729?
9
What is the hundreds digit of 336292?
2
What is the tens digit of 805460?
6
What is the units digit of 11938164?
4
What is the hundreds digit of 3163680?
6
What is the ten thousands digit of 2063553?
6
What is the millions digit of 2650324?
2
What is the tens digit of 362485?
8
What is the tens digit of 2085261?
6
What is the thousands digit of 5655663?
5
What is the ten thousands digit of 605894?
0
What is the ten thousands digit of 339828?
3
What is the units digit of 469492?
2
What is the hundred thousands digit of 195059?
1
What is the units digit of 6089356?
6
What is the hundreds digit of 23724?
7
What is the units digit of 672769?
9
What is the ten thousands digit of 657065?
5
What is the thousands digit of 2442672?
2
What is the hundred thousands digit of 11732116?
7
What is the hundreds digit of 1594745?
7
What is the hundred thousands digit of 491531?
4
What is the ten thousands digit of 1985576?
8
What is the hundred thousands digit of 646978?
6
What is the thousands digit of 8057365?
7
What is the hundreds digit of 349630?
6
What is the thousands digit of 430321?
0
What is the ten thousands digit of 21024566?
2
What is the tens digit of 247587?
8
What is the units digit of 350166?
6
What is the thousands digit of 2531659?
1
What is the millions digit of 1427279?
1
What is the hundred thousands digit of 1028504?
0
What is the hundred thousands digit of 3653196?
6
What is the tens digit of 5257300?
0
What is the hundreds digit of 199819?
8
What is the units digit of 614797?
7
What is the thousands digit of 702634?
2
What is the ten millions digit of 35726052?
3
What is the tens digit of 3050967?
6
What is the tens digit of 1609048?
4
What is the thousands digit of 236517?
6
What is the hundreds digit of 4211737?
7
What is the tens digit of 23624?
2
What is the ten thousands digit of 258773?
5
What is the ten thousands digit of 28333958?
3
What is the tens digit of 974501?
0
What is the hundreds digit of 10010250?
2
What is the ten millions digit of 36240999?
3
What is the ten thousands digit of 1011496?
1
What is the hundred thousands digit of 390871?
3
What is the units digit of 11005856?
6
What is the millions digit of 6516946?
6
What is the hundreds digit of 1045444?
4
What is the ten thousands digit of 3641701?
4
What is the hundred thousands digit of 470449?
4
What is the units digit of 6930400?
0
What is the ten thousands digit of 358169?
5
What is the thousands digit of 350306?
0
What is the ten thousands digit of 3483021?
8
What is the hundreds digit of 3851995?
9
What is the tens digit of 232600?
0
What is the ten thousands digit of 369027?
6
What is the millions digit of 3511830?
3
What is the ten thousands digit of 7245060?
4
What is the ten thousands digit of 380402?
8
What is the millions digit of 13800839?
3
What is the units digit of 468540?
0
What is the ten thousands digit of 16869781?
6
What is the tens digit of 30384242?
4
What is the ten thousands digit of 120606?
2
What is the thousands digit of 8551271?
1
What is the hundred thousands digit of 1297389?
2
What is the millions digit of 12605044?
2
What is the ten thousands digit of 3884254?
8
What is the hundreds digit of 193396?
3
What is the hundred thousands digit of 4033193?
0
What is the units digit of 937237?
7
What is the hundred thousands digit of 118644?
1
What is the hundreds digit of 17316?
3
What is the hundreds digit of 8143954?
9
What is the millions digit of 4023806?
4
What is the hundreds digit of 75105?
1
What is the tens digit of 1062563?
6
What